- 0)?
61
Calculate -1 - -29 - (117 - 105 - (6 + -5)).
17
What is -4 + 0 + -2 - (-112 + -132 - -231)?
7
Evaluate 11 + (-1 - 16) + 0 + 15 + (39 - 29).
19
Calculate (0 - -40) + (1 + -15 + -51 + 80 - 8).
47
What is 11 - (10 - -19 - 11) - -85?
78
What is the value of 40 + -8 + 4 + 7 + -14 + 17?
46
Evaluate 1 + -20 + (11 - (7 - (-16 - -12)) - 9).
-28
(-77 - -6) + 8 - -40 - -48
25
What is 58 - 62 - (2 - 23) - 55?
-38
Calculate 4304 + -4294 + (-31 - (2 + -1)) + -65.
-87
What is the value of 33 + -143 + -34 - -87?
-57
(-38 - -32 - (-34 + (4 - 5) + 0)) + 11
40
What is the value of -65 + 83 - (-49 - 12)?
79
What is the value of 73 - (-27 + (46 - -6))?
48
61 + -49 - (-28 - -39 - (0 - -6))
7
What is the value of -36 + 114 + (33 - 21)?
90
Calculate -8 - 8 - (-73 + -2 + (-8 - -12)).
55
Calculate 93 - (-170 - (15 + -165)).
113
(-9 - (-2 + -3 + -61)) + -13 + 4 + -5
43
(-554 - -566) + 2 + 8 + (-4 - -4)
22
4 + 0 + 10 - (-33 + 50)
-3
(-23 - -15 - -14) + 4 + -44 + -3
-37
What is 81 - (109 + 40) - 5?
-73
What is 1 + -3 + 11 + (-11 - (-11 + 40 - 2))?
-29
What is the value of 3 + 6 + (-7 - -9) + 10 + 11?
32
What is -10 + 5 + (3 - -1) + 2 + 2?
3
What is the value of (4 + -11 - -4) + 28 + (12 - 11)?
26
Calculate -20 + (-57 - -74 - (-1 + 77) - 9).
-88
Evaluate (40 - (4 + -6)) + (1 - 12) + 1.
32
Evaluate 17 - 8 - (2 + 11 + 33 + 1).
-38
What is the value of -43 + -6 + (2 - 3 - (-62 - -52)) + -9?
-49
What is the value of (13 - (-10 + 3) - 26) + -11?
-17
-12 + (-21 + 10 - -2 - -4 - -8) + 42
33
(-22 - 7 - -32) + 6 + 53 + (3 - 4)
61
What is the value of (-31 + 7 - 13) + 15?
-22
-7 - -1 - (18 - 107 - -12)
71
Calculate -476 - -366 - (-16 + -7 + 3).
-90
Calculate (0 - 5) + 127 + -103 - (155 + -109).
-27
What is 18 + (-45 - (-3 + -18))?
-6
What is the value of (2 - 2) + -22 + 3 + -85 + (130 - 34)?
-8
(8 - 16) + (9 - 35) + 12
-22
Calculate -92 - -12 - (13 - 25) - -18.
-50
What is the value of -17 + (-162 + -14 - -114)?
-79
What is the value of -23 + (-82 - -110 - (22 + 1)) + -7?
-25
Calculate 14 - (-2 - (5 - -18 - 3)).
36
What is 0 - -3 - -9 - 23?
-11
What is the value of (1 - 1 - 1) + -41 + (87 - 41) + -46?
-42
-17 - (29 + -43) - -25
22
Evaluate -81 + 77 + -59 + 28.
-35
Calculate (-1 + 12 + -17 - 57) + 16.
-47
Calculate 19 + -24 + 28 + -11 + (89 - 1).
100
Evaluate 64 + -49 - (-26 - -5).
36
What is the value of (-41 - 0) + 54 + -60 - (16 + -11 - 8)?
-44
46 - 2 - (18 + (51 - 26 - 33))
34
What is the value of (-1 - (-1 - -13) - (2 - 3)) + (216616 - 216588)?
16
What is the value of (187 - 66 - 124) + 140?
137
What is the value of -21 + (-5 - -35 - -2 - 71)?
-60
What is (-23 - -12) + -1 + 20 + -9?
-1
Evaluate 28 - (-12 - (14 + 0 - (47 + -36))).
43
Evaluate (-1 - 0 - (-12 + 17) - (3 + 73)) + -6.
-88
What is -58 + (96 + -130 - -109)?
17
-9 + 8 + (41 - 96) + 45
-11
What is (1 - (6 + 2)) + (19 - -47 - 5) - 5?
49
Calculate (165 - 179) + (-17 - 1) + -55.
-87
What is -36 + (-17 - 28 - (-41 + 22))?
-62
Calculate 334 + -382 - (-5 - 65).
22
What is the value of (-1 - -2) + (-57 - -82 - -6)?
32
41 - 1 - (2 - 4) - (1333 + -1339)
48
-1 + 12 + -1 - (97 + -31 - 34 - 25)
3
(13 + -18 - -6) + -1 + (-3 - 53) + 4
-52
What is (-17 - -38 - -33) + -38?
16
Calculate (-3 - (-20 - 0)) + (-505 - -535).
47
31 + -90 + -142 + 131
-70
Evaluate 13 + 15 - (-2 + (-12 - -8 - (1 + 0))).
35
Calculate (-3 - 32) + 34 + 77.
76
41 + (21 - 68) - -59
53
Calculate (8 + -13 - 8) + (-10 - (-12 + 6) - -43).
26
What is (6 - 15) + (5 + 3 - 4) + -5 + -37?
-47
Evaluate -81 - (2 + -5) - (-223 - -239 - (8 + 0)).
-86
-82 + (21 - (56 - 79))
-38
Calculate -34 - ((18 + -15 - 12) + -6).
-19
Calculate (-46 - -66) + (-9 - 2 - -7).
16
-10 - -37 - ((-16 - 3) + -7)
53
What is 126 + -136 + (-1 - 73) + (-2 - -2)?
-84
What is (-154 + 31 - -104) + (57 - 0)?
38
Evaluate 181 + -90 + 17 - (-5 - -38).
75
What is the value of -1 + (23 - -1) - (-9 + 22 + (-10 - 17))?
37
Evaluate 144 + 118 + -322 + -1 + (1 - 0) + 1.
-59
What is the value of -101 + 25 + 11 + (-27 - -10)?
-82
Evaluate 33 + (-47 - (-40 + 40)).
-14
87 - (-73 - -159) - (0 + 6)
-5
What is (-2 - -11) + -10 + 7 - (-25 + 5 + -1)?
27
-58 - (-183 + (156 - 69))
38
What is the value of 49 + (-5 - (-13 + 2 - -19)) + 4?
40
Calculate -14 - (-54 + -35 - -73).
2
Calculate (21 + (-93 - -59) - -58) + (-1 - 15).
29
What is (-379 - -345 - (-4 + -26)) + (-34 - (0 + -1))?
-37
Evaluate (2 - 3 - -2) + -1104 + 1068.
-35
What is 6419 + -6388 + 123 + (0 - 2)?
152
What is the value of 13 + -33 + (-14 - -6 - (120 + -1))?
-147
What is 13 + (-138 - -125) + 8 + 2 + 55?
65
Evaluate (25 - 26 - (-15 - 0)) + (-5 - 51).
-42
Evaluate (-37 - -24) + 5 + -1 + -36.
-45
Evaluate 14 - (1 - (19 - -10) - -7) - (5 - 1).
31
What is 304 - 266 - (41 - -6)?
-9
-267 + 299 + (26 - -18)
76
What is the value of 47 + 0 + -53 + 23?
17
(-4 - -26 - 19 - (7 - 1)) + -13
-16
What is the value of -31 - (-64 - -105 - -5)?
-77
What is the value of 20 + (38 + -18 - 8) + (0 - 23) - 10?
-1
(1 - 7) + 10 + (4 - 0) + (3 - 13)
-2
Evaluate -6 + (-3 + 47 - (67 - 48)).
19
Evaluate (-201 - (31 - 92)) + 91.
-49
What is the value of 12 - (62 + 9) - -18?
-41
What is 109 + 3 + (-5556 - -5497)?
53
What is the value of 225 + -139 + -69 + 85 + 2?
104
Calculate 32 + (-2 - 8 - -11 - 8 - (-18 + 1)).
42
Evaluate (-20 - (-21 + (13 + -8 - 17) + 24)) + -72.
-83
Evaluate (49 - -5) + -75 + 46.
25
Evaluate (3 + (10 - 24) - -26) + (4 - 33) - -86.
72
What is the value of 2596 - 2603 - (0 + -18 - -2)?
9
What is (-44 - 0 - (-19 + 3 + 7)) + 7?
-28
Evaluate -49 + -3 + -33 + (-30 - -35).
-80
-1 + 0 - (-66 + 7 - (-216 + 150))
-8
What is 32 + (-9 + 2 - (10 - (14 - 9 - -2)))?
22
What is the value of -3 - ((0 - -4) + (7 - 3)) - (53 - 49)?
-15
Calculate -57 + 40 + -61 + 42.
-36
Calculate (1 - 8) + (101 - 36) + -22.
36
What is (-2 - (4 + -2)) + 4 - -3?
3
24 + -37 + 61 + (-6 - -11)
53
-34 - 24 - (-81 + 6)
17
Calculate 2 + (22 + -32 + 30 - 8).
14
What is 10 + -60 + 2 + -4 + 169 + -160 + 5?
-38
((-5 - -16) + -35 - (22 + -28)) + -62
-80
Evaluate -141 - -204 - (133 - 10).
-60
What is the value of -1 + -32 + (-29 - -36) + 0?
-26
What is 3 - ((-3 - -1) + -6 - (-633 - -674))?
52
922 + -896 + (-22 - 1) + (2 - 5)
0
Evaluate 62 - (80 - (108 - -2)).
92
-28 - (-76 - 4 - -94)
-42
What is (4 - 2) + -5 + 12 + 7 - (26 + -22)?
12
What is the value of -65 + -92 + 124 + 154?
121
What is (43 - 2) + -24 - (4 - -1)?
12
Calculate (-14 - 4) + (112 + -48 - 47) - -6.
5
17 + (-6 - 5 - (44 + -33))
-5
0 - (0 + -2) - (-16 + -42 + 20)
40
What is the value of -20 - (-65 - (0 - 24))?
21
What is 20 - (12 + (-44 - -41) + (-2 - -1) + -11)?
23
Evaluate 36 - 2 - (-26 - 92 - -135).
17
What is the value of (-59 - -14) + 41 + 41?
37
What is the value of -4 + 1 - ((-35 - 13) + -1 + 3) - 10?
33
Calculate (-9 - -4 - -18) + 24 + -20 + 19 + -17.
19
What is 56 + (10 + (-13 - 5) - -12)?
60
What is (24 - (8 + -33)) + (-2 - 8) - -4?
43
-1 + -1 - (-27 + -13 + 41 - (11 - 0))
8
Calculate (-2 - 0 - (6 + -10)) + -11 - (-100 - -118).
-27
Evaluate -43 + (27 - -2) + (14 - -12).
12
Evaluate 2 + (55 - 83) + 2 + 11.
-13
What is (-96 - 4) + 3 + (2 - (8 - -15 - 16))?
-102
What is 11 + (-3 - (-12 + -9 + 9 - -4))?
16
What is the value of 98 + -40 + -74 + -57?
-73
Evaluate -30 + (18 - -19) - -28 - (1 + 1 + 3).
30
-16 + (-7 - (-48 - (-4 + -32)))
-11
What is the value of -31 - (-14 + 38) - -35?
-20
What is the value of 3 + (34 + -14 - -123) + -39?
107
Calculate -25 + -49 + 46 + -33.
-61
What is -6 - (-3 - 1 - (-7 + (10 - 5 - 0)))?
-4
What is 15 + 9 + (21 - 6) + -66?
-27
What is -5 - (1 + (15 - (-14 - -32) - -8) + -91)?
80
1 + 7 - (174 + -177 + (3 - -1) + -81)
88
(96 - 50) + -124 - (-1 + -1 - -5)
-81
Evaluate (21 - 44) + 16 + -25 + 28.
-4
Calculate -11 + (-5 - -12) + -2 + 4 + -6 - 3.
-11
20 + (0 - (22 - -9))
-11
What is the value of (0 - -14) + 106 + -110 + 2 + -47?
-35
Evaluate (30 - 17 - (27 + -2 + -3)) + 42.
33
-19 - (-8 + 7 - 53 - 0)
35
31 - (90 - 53) - -62
56
What is (16 - 33) + (-2 - -11) + -2 + -23?
-33
What is the value of 130 + -331 + 79 + 246?
124
Calculate (-30 - 5) + (5 - -22) + 6 + (3 - 5).
-4
What is 0 + (-2 - -75) + (5 - 0) + -4059 + 4060?
79
Evaluate 11 + 1 - (-73 - (-15 + 13)) - (19 - 13).
77
Evaluate -43 + (33 - (11 - 1 - (221 - 224))).
-23
What is the value of -11 - -19 - (-5 - -45) - 11 - -8?
-35
Evaluate 2 - 3 - (0 + -16) - (402 - 352).
-3